e r(5). Suppose i - x = -2*i. Let o(v) = -3 - 4 - 4*v + i + 4. Give o(-2).
6
Let s(q) be the second derivative of 2/3*q**3 + 3/2*q**2 + 2*q + 0 - 1/12*q**4. Suppose -2*m = -r + 9, 1 - 4 = 3*r + 4*m. Calculate s(r).
6
Let f(q) be the third derivative of q**8/20160 - q**7/1680 - q**5/15 - 4*q**2. Let d(o) be the third derivative of f(o). Determine d(4).
4
Let v = 17 + -17. Let m(h) = -1 - h**3 + 6*h**2 - 3 + v*h**3 + h. Calculate m(6).
2
Let i(s) = s + 11. Let b(w) = -w - 11. Let t(h) = 3*b(h) + 4*i(h). Determine t(-5).
6
Let u(m) be the third derivative of m**9/60480 - m**8/5040 + m**6/180 + m**5/12 + 6*m**2. Let q(f) be the third derivative of u(f). Determine q(3).
-5
Let r(b) = -b**3 + 4*b**2 + 6*b - 1. Let p be (-1)/4 + 26/8. Suppose 0 = -u - p*j - 9, -6 - 21 = -5*u + 3*j. Let y be (-1 + u)/(-1) + 7. Calculate r(y).
4
Let t(a) = a**3 - 3*a**2 - 6*a + 5. Let w = -4 + 1. Let c be -3 + (-12)/w - -1. Suppose -3*j = c*j - 20. Determine t(j).
-3
Let f = -144 + 146. Let g(m) be the first derivative of 0*m - 1/3*m**3 + 1/2*m**f + 2. What is g(0)?
0
Let g(j) = j**2 - 5*j + 2. Suppose 0 = -f + 3*f + m - 1, -4*f + m = -17. Calculate g(f).
-4
Let g(i) = -i**2 - i + 11. Let h = 4 - 4. Calculate g(h).
11
Let q(j) = 2 + 8*j - 3 - j. Suppose 5*s - 3 = 2*s. What is q(s)?
6
Suppose -11 - 10 = -3*h. Let o(v) = 2*v - 8. Determine o(h).
6
Let y(l) = -l**2 + 5*l. Suppose 0 = 2*c - 0 + 2. Let i = -3 - -4. Let u be (i/c)/((-1)/5). Calculate y(u).
0
Let u be (-1)/5 - (-48)/15. Suppose -124 = -4*b + 2*g - 0*g, 4*b + 2*g - 116 = 0. Suppose 2*d + b = -u*d. Let h(x) = x**2 + 5*x - 5. What is h(d)?
1
Let j(n) = -5*n**2 - n - 4. Let z(y) = -2*y**2 + 2*y**2 + 3*y**2 - 2*y**2. Let k(l) = j(l) + 6*z(l). Determine k(0).
-4
Let m = 1 - -4. Let z = m + -5. Let i(d) = d**2 - 4. What is i(z)?
-4
Let b(w) = -3*w + 7. Let z(d) = -2*d + 7. Let u = 5 - 8. Let a(s) = u*b(s) + 4*z(s). Let p be a(-4). Let n(x) = -4*x + 3. What is n(p)?
-9
Let m = -1 - -7. Let r(y) = -2*y + 8. Determine r(m).
-4
Let x(c) = 10*c**2 - 26*c - 7. Let o(m) = 5*m**2 - 13*m - 4. Let d(w) = -13*o(w) + 6*x(w). Let b(j) = j**2 - j - 1. Let i(t) = -6*b(t) - d(t). Determine i(-6).
2
Let q = -8 + 2. Let l(o) = -o**3 - 6*o**2 - o - 1. Calculate l(q).
5
Let n(d) = -d + 6. Let l(a) = -7*a - 1. Let u be l(-1). Let i be n(u). Let t(f) = 3*f**2 - f + 2*f**2 + f**3 - 4*f**2 + 4. What is t(i)?
4
Let c(w) = w**2 - 8*w + 5. Let b = -56 + 62. What is c(b)?
-7
Let f be (-7 - 2)*(-1)/3. Let p(a) be the first derivative of a**2 - 2*a - 9. Determine p(f).
4
Let u = -2 + 1. Let w(y) = -18 - 5*y + 1 + 18. Give w(u).
6
Let v be (21/(-28))/((-3)/2). Let l(i) be the second derivative of 1/6*i**3 - 2*i + 0 + v*i**2 - 1/12*i**4. Calculate l(3).
-5
Let o(q) = q**3 + q**2 + 3. Let p(a) = a + 7. Let v(x) = -x - 1. Let j(l) = p(l) + 2*v(l). Let n be j(5). Calculate o(n).
3
Let n(u) = -7*u**3 + 9*u**2 - 7*u + 5. Let p(t) = -4*t**3 + 4*t**2 - 3*t + 2. Let b(x) = 2*n(x) - 5*p(x). Determine b(1).
5
Let z(f) = -f**2 + 3*f + 2. Let q be (-1)/((4*(-3)/6)/10). Give z(q).
-8
Let z(t) = -10*t**2 + 4*t + 2. Let y(l) = -l**2 + l + 1. Let q(r) = -3*y(r) + z(r). Determine q(1).
-7
Let u(o) = o + 1. Let j be (-17)/(-3) + 4/12. Let w(v) = -v**3 + 5*v**2 + 8*v - 1. Let a be w(j). Let b = 6 - a. Calculate u(b).
-4
Let l(p) = p**3 + 6*p**2 + 6*p + 6. Let i(j) = -2*j**3 - 11*j**2 - 11*j - 11. Let z(c) = -6*i(c) - 11*l(c). Let h = -13 - -12. Give z(h).
-1
Let b(s) = 3*s**2 - 3*s + 7. Let k(o) = -2*o**2 + o - 4. Let a(z) = -3*b(z) - 5*k(z). Determine a(-4).
-1
Let i(m) = 16*m - 5. Let t(n) = -3*n + 1. Suppose -6 = 3*s, 3*s + 6 = 2*x + s. Let k be (2 + 0)/(x - 0). Let w(z) = k*i(z) + 11*t(z). Determine w(1).
0
Let k(w) = -5 + 16 + 2*w + 8 - 2. Give k(-7).
3
Let n be 3 - 4/(-4)*-1. Let o(b) = 3*b**2 + b + 1. Calculate o(n).
15
Suppose -2 = -5*x + 8. Let g(o) = -o**3 + o**2 - 4. Let s be g(0). Let y be -6 + x + s + 3. Let t(m) = -m**3 - 6*m**2 - 4*m + 7. What is t(y)?
2
Let c be (-116)/(-36) - (-2)/(-9). Let t be (-1 + 3 - c)*-4. Let l(v) = 4*v + 2*v + v**3 - 2*v - 5*v**2 - 5. Determine l(t).
-5
Let v(m) = -m + 2. Let a = 16 + -11. Let x be v(a). Let t(l) be the third derivative of -l**6/120 - l**5/30 + l**4/24 + 17*l**2. Give t(x).
6
Let n(c) = c**2 - 4*c + 3. Let a be n(3). Let l be (-1)/(-2) - 27/(-6). Let z(g) = a*g**3 - 1 - 6*g**3 + 6*g**2 - l*g**2. Give z(1).
-6
Suppose -i + 7 + 7 = 0. Let m = 9 - i. Let r(d) = d**3 + 6*d**2 + 6*d + 4. What is r(m)?
-1
Let k(r) = -r**2 + 4*r + 1. Suppose -4*c + 2 + 6 = 0. Give k(c).
5
Let j(x) = 24*x - 1. Let c = -44 + 43. Give j(c).
-25
Let g = -1 + -2. Let b be 2 + (3 - 2) + g. Let p(l) = -l - 2. Calculate p(b).
-2
Let c be (-16)/6*(-9)/6. Suppose 0 = -3*x + c*x + 4. Let w(n) = -n - 1. Give w(x).
3
Let y = -3 + 6. Let d(o) = 3 - 3*o**3 + 4*o**3 + y*o + 0*o**3 - 3*o**2 - 2*o**3. Let a be (-5)/(10/4) - 1. Determine d(a).
-6
Let z be ((6 - 3) + -2)*0. Let r(i) be the second derivative of z + 0*i**2 + 1/4*i**5 - 1/6*i**3 + 2*i + 1/6*i**4. Determine r(1).
6
Let j(k) be the first derivative of -k**4/4 - k**3 - 4*k - 1. Calculate j(-3).
-4
Let b(i) = 4*i + 16. Let j(x) = x + 4. Let a(c) = 2*b(c) - 9*j(c). Let g = -10 - -14. Suppose 4*t + 8 = g*y, 0*y + 4*t = -2*y + 16. Give a(y).
-8
Let v(w) = w**3 - 2*w**2 - 3*w + 3. Let k be ((-6)/9)/((-6)/27). Suppose 20 = 5*o - 15. Suppose -5*x + k = -o. Give v(x).
-3
Let d be (12/10)/(3/10). Let y be (-6)/d*4/3. Let g(w) = -w**2 + w - 1. Let k(m) = 3*m**2 + 2. Let l(p) = -2*g(p) - k(p). What is l(y)?
0
Let c(z) = z**3 + z**2 - 2*z. Let i be c(2). Let w(h) = h**2 + 2*h + 2. Let m be w(-2). Let b(g) = -i - 4*g + 3 + m. Determine b(-2).
5
Let p(j) = -14*j**3 + 2*j**3 + 13*j**3 - 4*j**2 - 5 - 2*j. What is p(4)?
-13
Let c = -10 + 14. Let p = c - 2. Let o(d) = 2 - d - 3*d - d**3 + p - 5*d**2. What is o(-4)?
4
Let g(o) be the third derivative of o**5/60 + o**4/4 - o**3/3 + 9*o**2. Determine g(-6).
-2
Let x(n) = -n**3 + 6*n**2 - 6*n - 1. Let t(g) = 4*g - 7. Let l be t(3). Give x(l).
-6
Let u(v) = -4*v. Let c(r) be the third derivative of r**4/12 - 2*r**3/3 + r**2. Let y be c(3). Calculate u(y).
-8
Let p be -1*(-1 + 2)*-1. Let q(n) = 10*n. What is q(p)?
10
Let g(z) = -1 - z + 6 + 2. Let m be g(5). Let n(w) = w**2 + 1 - 4*w**2 - 2 + 3*w. Calculate n(m).
-7
Suppose -3*k - t = -1, 5*k - t = -0*t + 15. Suppose b - 5*q = -6, 0*q = b - q + k. Let s(f) = -2*f - 1. Determine s(b).
1
Let b(d) = d**2 - d - 6. Let j(h) = 4*h**2 - 3*h - 24. Let p = 9 - 7. Let o(r) = p*j(r) - 9*b(r). Give o(5).
-4
Let b(y) = -14 + 6*y + 17 + 4*y**2 - y**2 - y**2. Calculate b(-4).
11
Let g be 26/8 - (-7)/(-28). Suppose 3*w - g = 6. Let k(n) = -n**3 + 3*n**2 - 2*n + 2. What is k(w)?
-4
Let x(r) = -r - 6. Let l be -15*(-2 - (0 + -1)). Suppose -5*b - 5 = 0, 3*b - 2 = 4*d + l. Calculate x(d).
-1
Let h(c) = -6*c - c**2 + c**2 - c**2. Let n(j) = 2*j + 6. Let z(k) = -k + 6. Let g be z(12). Let w be n(g). Determine h(w).
0
Suppose -3*w - j + 3 = -3*j, -4*j = w + 13. Let u(k) = -k**3 - k**2 + 1. Calculate u(w).
1
Suppose -3*v - v + 8 = 0. Let t(y) = y**3 + 7*y**2 + 2*y - 2*y**2 - 7*y**2 - y**2. Determine t(v).
0
Let p(b) = -4*b + 5*b - 5*b. Calculate p(-2).
8
Let a(s) be the third derivative of s**5/60 + 5*s**4/24 - s**3/6 - 8*s**2. Determine a(-6).
5
Let y be 12/6 + (1 - 0). Let j(c) = -2*c + 3 + c + y*c. Calculate j(-3).
-3
Suppose -v = 10 - 7. Let i(w) = -2*w**2 - 4*w - 3. Determine i(v).
-9
Let a(s) be the third derivative of -s**5/120 + s**4/12 - s**3/3 - 2*s**2. Let b(w) be the first derivative of a(w). Give b(-4).
6
Suppose 0 = -5*s + 4*a - 6, -3*a - a + 2 = -3*s. Let y(j) = -2*j**2 - 3*j - 3. Let b be y(s). Let p(h) = -2*h - 7. What is p(b)?
3
Let i(o) be the second derivative of -o**4/12 + 5*o**3/6 - 3*o**2/2 - 6*o. Give i(3).
3
Suppose 6 + 0 = o. Let n be o/2*2/6. Let w be (n/(-2))/((-3)/(-24)). Let m(d) = -d**2 - 4*d + 4. Give m(w).
4
Let h(i) = -i**2 - 16 + 8*i + 3 + 12. Calculate h(9).
-10
Let u(s) = s + 1. Let i(d) = 5*d. Let h(n) = -n + 4. Let f be h(5). Let o(x) = f*i(x) + 6*u(x). Suppose -3*z = -k - 4, -3*z = -z - 2*k - 8. Give o(z).
6
Let r(s) = s**2 - 3*s + 2. Let k be 23/3 + (-6)/9. Suppose -p = -a + 2, -2*a + p = -6*a - k. Let w = a - -3. Give r(w).
0
Let v(a) be the third derivative of a**6/120 - 7*a**5/60 + a**4/24